ve g(b).
-6
Let q(c) = c + 10. Let p(g) = g + 186. Let o(s) = 94. Let j(r) = -5*o(r) + 3*p(r). Let y be j(-31). Calculate q(y).
5
Let k(t) = t**2 + 6*t + 7. Let a = 10 + -12. Let q be -55 - (a + -5 + 4). Let v = q + 47. What is k(v)?
2
Let y(a) = 2*a**3 - 29*a**2 - 23*a - 26. Let j(x) = x**3 - 15*x**2 - 12*x - 14. Let h(r) = 7*j(r) - 4*y(r). What is h(12)?
-42
Let j = 302 - 303. Let r be (0 + (-18)/12)/(j/(-2)). Let w(z) = z**2 + 4. Give w(r).
13
Let s be 4/(-2)*(621/46 + -12). Let h(b) = b**3 + b**2 + 1. Let t(f) = 5*f**3 + 4*f**2 + f + 10. Let d(v) = -6*h(v) + t(v). Calculate d(s).
10
Let y(p) = p**3 - 9*p**2 - 8*p + 4. Suppose 0 = -5*n + f + 44, n - 89 = -f - 79. Calculate y(n).
-68
Suppose 900 = 11*y - 7*y. Let f = 230 - y. Let x(z) = -z**2 + 4*z + 5. What is x(f)?
0
Let o(h) = -h**3 + 5*h**2 - 3*h + 2. Let y(d) = -167*d + 3512. Let k be y(21). Calculate o(k).
-13
Let x(q) = -q + 1. Let i(b) = 27*b - 30*b + 9*b - 5. Let v(j) = -i(j) - x(j). Determine v(3).
-11
Let t(b) = 4*b + 47 - 10*b + 8*b**2 - 9*b**2 + 17*b. Give t(13).
21
Let q = -11 + 7. Let w(g) = -2*g**2 - 32*g + 2. Let m be w(-16). Let d(l) = l - m + 5 + 0*l + 1. What is d(q)?
0
Let m(u) = -12*u**2 + 11*u - 19. Let k(v) = 99*v**2 - 88*v + 151. Let z(w) = 2*k(w) + 17*m(w). Give z(5).
-116
Let k(j) = -2 - 269*j**2 + 63*j**2 - j - 2 + 205*j**2. What is k(6)?
-46
Suppose -18*p = 2637 + 2313. Let s = 270 + p. Let f(l) = l + 3. Give f(s).
-2
Let o(j) = -5*j**2 - j**3 - 2*j**3 - j**3 + 5*j**3 + 3. Suppose -589 = -101*b - 84. Calculate o(b).
3
Let m(x) be the third derivative of -x**5/15 + x**4/24 + 2*x**3/3 + 243*x**2 + 3*x. Give m(3).
-29
Let h = -9 - -4. Let x(i) = 12*i - 9. Let t(o) = 11*o - 8. Let w(m) = h*x(m) + 6*t(m). Suppose 52*v - 51 - 103 - 54 = 0. What is w(v)?
21
Let h(l) = 2 + 5*l + 4*l**2 + 3*l + l**2. Let k(j) = 6*j**2 + 8*j + 1. Let s be (1 + (-15)/6)*(-904)/(-339). Let x(u) = s*k(u) + 5*h(u). Give x(-6).
-6
Let i(q) = q - 8. Let w = 7 + 2. Let h(g) = g**3 - 10*g**2 + 7*g + 22. Let a be h(w). What is i(a)?
-4
Let p(m) = m + 1. Let c(f) be the first derivative of -4*f**2 - 4*f - 82. Let a(o) = -c(o) - 3*p(o). Let g be 2/1 - (0 + 1). What is a(g)?
6
Suppose -l = -2, -20*s - 1274 = -21*s + 5*l. Let w(g) = -g**3 + 0*g**2 - 1282 + s + 2*g**2 + 2*g. Let o be (-1)/((-3 + 0)/9). Give w(o).
-1
Let o(d) = -d + 18739 + 3*d**3 - 2*d**3 - 14*d**2 - 18727. Give o(14).
-2
Let s(i) = i**2 + 8*i - 88. Let y = -6820 + 6806. Give s(y).
-4
Suppose -q + 219 = -5*p, 4*p - 6*q + 2*q = -188. Suppose -7*d + 2*d + 185 = 0. Let u = d + p. Let b(g) = -5*g - 9. Give b(u).
21
Let w(a) = -a**2 + 21*a + 75. Let s be w(24). Let m(l) = -5*l + 8*l - l**3 - 3*l**2 - 9 + 7 + s. Give m(-4).
5
Let d(a) be the second derivative of 1/6*a**3 - 4 + 1/12*a**4 - 1/20*a**5 + 0*a**2 + 7*a. Give d(-1).
1
Let m be 14/6 + 4/(-12). Suppose 0*s = -m*d - 3*s - 115, 233 = -4*d - 3*s. Let r = d - -56. Let z(k) = -k**3 - 3*k**2 + 5*k + 4. Calculate z(r).
-11
Let d(x) = -2*x**3 - 2*x**2 + x. Suppose 4*v + 72 = -296. Let b = -91 - v. Calculate d(b).
-3
Suppose 4*x - b - 20 = 0, -3*x + 5*b - 16 = -14. Let o(c) = c**2 - 8*c + 2. Determine o(x).
-10
Suppose -6*c = j - 321 + 486, 2*c + 70 = -2*j. Let w(x) = 2*x**2 + 49*x - 61. Calculate w(c).
17
Let d(c) be the second derivative of -c**5/20 - c**4/4 + 3*c**2/2 - c. Suppose -78*h + 13 = 169. Calculate d(h).
-1
Suppose -3*h + 344 = 329, 5*g - h - 25 = 0. Let c(v) be the third derivative of 0 - 1/2*v**3 + 1/120*v**g + 18*v**2 + 0*v - 1/10*v**5 + 7/24*v**4. What is c(5)?
7
Let r(k) = 2*k**2 - 8. Let l(q) = 6*q**2 - 23. Let u(v) = 4*l(v) - 11*r(v). Let p be u(-2). Let c(b) = b**2 - 3*b + 5. Determine c(p).
9
Let l be -102*4/24 - (12 - 29). Let m(o) be the second derivative of o**3/6 - 11*o**2/2 + o. Determine m(l).
-11
Suppose 125 = 9*k + 16*k. Let n(p) = p**3 - 7*p**2 + 10*p + 2. Calculate n(k).
2
Let q(m) be the second derivative of m**4/6 - 17*m**3/6 + 3*m**2 - 1093*m. What is q(8)?
-2
Let g(j) = -3*j. Let w(i) = 24 + 6*i + 3*i - 29. Let u be w(1). Suppose 0 = -u*q - z - 1, z = 5*q - 0*z - 10. What is g(q)?
-3
Let f(p) be the second derivative of -p**4/12 + p**3/2 - 2*p**2 + 159*p + 1. Determine f(-4).
-32
Let t(q) = 11*q**2 + 4*q - 4. Let j be t(1). Suppose 3*k - 32 = 4*w, -4*w + j = -3*w + 4*k. Let z(i) = -5*i - 14. What is z(w)?
11
Let f(s) be the first derivative of s**6/120 + s**5/6 + s**4/3 - 13*s**3/6 + s**2 + s + 17. Let o(t) be the second derivative of f(t). Give o(-9).
-4
Let d be ((-2)/(-5))/(17/850). Let w = -18 + d. Let a(f) = f. Give a(w).
2
Let o = -17038 + 17010. Let f(h) = -h**2 - 24*h - 15. What is f(o)?
-127
Let f(z) = -9*z + 3. Let k(t) = 4*t - 1. Let r(g) = -2*f(g) - 5*k(g). Suppose -5*y - 29 = -2*q, 3257*y + q - 19 = 3261*y. Give r(y).
5
Let m(v) = -1 + 14*v + 19*v - 29*v. Let j be 460/(-95) - (-39)/(-247). Calculate m(j).
-21
Let o(a) be the third derivative of -a**6/120 - a**5/60 + 13*a**4/12 + 23*a**3/6 + 30*a**2 + 51. Give o(-5).
-7
Suppose 14990 = -106*y - 164*y - 8500. Let w = 201 - 115. Let m = y + w. Let x(i) = -i. Calculate x(m).
1
Let x(l) = -l - 8. Let k be (-6279)/(-138) - (3 - (-10)/(-4)). Let v be (-4)/3*(-171)/6. Let u = v - k. Determine x(u).
-1
Suppose -3*w = -8*w. Let u(a) = 373*a + 358*a + 2 - 733*a. What is u(w)?
2
Let l(p) = -p**2 + 10*p + 20. Let m(b) = b**2 - 10*b - 173. Let d be m(-9). Give l(d).
-4
Let o(l) = -3*l**3 - l**2 - l + 1. Let x be o(2). Let n = -2349 - -2373. Let f = x + n. Let u(s) = -4*s - 6. Give u(f).
14
Let m = 3237 - 3233. Let l(c) = 21*c - 22. Calculate l(m).
62
Let o(h) = -68 - 311 - 40*h - 22*h + 1. Let q be o(-6). Let s(v) = -v**3 - 6*v**2 - 2*v + 4. Calculate s(q).
16
Let g = 166 + -163. Suppose 2*i = 4*j - 14 + 4, 0 = -g*j + 3*i + 6. Let c(b) = -4*b - 1. Determine c(j).
-13
Let l be -9*(-1 + 2) + 4. Let q(x) be the second derivative of -x**4/12 - x**3/3 + x**2/2 - 225*x. Calculate q(l).
-14
Let d = 25557 - 25557. Let g(j) be the first derivative of -8*j - 33 + d*j**2 + 1/4*j**4 + 7/3*j**3. Determine g(-7).
-8
Let c(x) be the third derivative of 1/12*x**4 + 0 + 0*x + 5*x**3 - 237*x**2. Calculate c(-14).
2
Let h(s) be the third derivative of -s**7/2520 - s**6/120 + s**5/20 + 5*s**4/24 + s**2 - 30*s. Let k(w) be the second derivative of h(w). Give k(-7).
-1
Let b(d) be the third derivative of d**6/120 + d**5/12 + d**4/24 - d**3/3 + 16*d**2 + d - 21. Calculate b(-5).
-7
Let h(a) = -7*a**3 + 7*a**2 - 14*a - 25. Let g(s) = -3*s**3 + 4*s**2 - 7*s - 9. Let m(d) = 5*g(d) - 2*h(d). Let k = 17 - 12. Calculate m(k).
-5
Let u(h) = h**3 + h**2 + 6*h + 14. Let l(m) = 7*m**2 + 121*m - 92. Let k be l(-18). Determine u(k).
-2
Let b = -44396 + 44389. Suppose 2*u + 3*d - 28 = -7, 15 = 3*d. Let o(r) = -1 + u*r - 9 + r**2 + 1. Calculate o(b).
19
Let d(i) = -i**3 + 7*i**2 + 10*i - 23. Suppose 205*l = -188*l + 381*l + 96. Give d(l).
-7
Let k(m) = 128 + 7259*m**2 - 7239*m**2 - m**3 - 92 + 6*m - 44*m. Determine k(18).
0
Let x = 6/601 + 565/3606. Let l(b) be the second derivative of -7*b - x*b**3 - 9/2*b**2 + 0. Calculate l(-8).
-1
Suppose -g - 32 = 5*z - 9*z, 2*z + 4*g - 16 = 0. Let t(u) = u**2 - 8*u + 18. Determine t(z).
18
Let d = 11 - 10. Let p(w) = -w - 1. Let m be p(-4). Let b be -3*(m/(-9) - d). Let s(l) = -l**2 + 5*l - 4. Determine s(b).
0
Suppose -2*m = -4*y - 22, -y + 2*m + 0 - 4 = 0. Let w(z) = 12*z + 989. Let n(q) = 15*q + 1209. Let a(c) = -18*n(c) + 22*w(c). What is a(y)?
32
Let n(h) = -h**2 + 1. Let l(d) = -d**3 + 12*d**2 + d - 11. Let s(u) = -l(u) - 5*n(u). Let k = 582 - 575. Give s(k).
-1
Let o(k) = 2*k**3 - 41*k**2 + 36*k - 323. Let g be o(20). Let b(a) = -5*a - 23. What is b(g)?
-8
Let y = 14 + -13. Let f be (-3 - 9)*y/(-4). Let w(d) = 6 - 3 - 5*d - d - 5 + 12*d. What is w(f)?
16
Let q be 6/(-9) - (-128)/3. Let i = 4633 + -4625. Suppose 40*r - i = q*r. Let k(o) = -o**3 - 5*o**2 - 4*o + 3. Give k(r).
3
Let p(q) = q**3 - 4*q**2 - 6*q + 7. Suppose -44 = -9*n - 8. Suppose -4*v + n = -3*v. Let j be (4 - -5) + 0 - v. Determine p(j).
2
Let p(x) be the first derivative of 8*x - 2 - 1/3*x**3 + 4*x**2. Suppose -96 = -26*a + 86. Give p(a).
15
Let t(z) = 49*z + 1764. Let b be t(-36). Let a(h) = 5*h - 5. What is a(b)?
-5
Suppose 13 - 112 = 9*i. Let t(f) = 3*f**2 - 12*f - 17. Let l(z) = -8*z**2 + 24*z + 35. Let g(d) = -2*l(d) - 5*t(d